{"id":310,"date":"2018-03-05T17:56:01","date_gmt":"2018-03-05T17:56:01","guid":{"rendered":"http:\/\/www.therapie-jesteburg.de\/Thewpr\/?page_id=310"},"modified":"2019-02-28T20:03:40","modified_gmt":"2019-02-28T20:03:40","slug":"ueber-mich-2","status":"publish","type":"page","link":"https:\/\/www.therapie-jesteburg.de\/Thewpr\/?page_id=310","title":{"rendered":"\u00dcber mich"},"content":{"rendered":"<p><a href=\"http:\/\/www.therapie-jesteburg.de\/Thewpr\/wp-content\/uploads\/2019\/02\/Verse-54.jpg\"><img loading=\"lazy\" decoding=\"async\" class=\"wp-image-625  alignright\" src=\"http:\/\/www.therapie-jesteburg.de\/Thewpr\/wp-content\/uploads\/2019\/02\/Verse-54-768x1024.jpg\" alt=\"\" width=\"207\" height=\"276\" srcset=\"https:\/\/www.therapie-jesteburg.de\/Thewpr\/wp-content\/uploads\/2019\/02\/Verse-54-768x1024.jpg 768w, https:\/\/www.therapie-jesteburg.de\/Thewpr\/wp-content\/uploads\/2019\/02\/Verse-54-225x300.jpg 225w\" sizes=\"auto, (max-width: 207px) 100vw, 207px\" \/><\/a><\/p>\n<ul>\n<li>Staatlich gepr\u00fcfte Heilpraktikerin f\u00fcr Psychotherapie (2016)<\/li>\n<li>zertifizierte Entspannungsp\u00e4dagogin (2011)<\/li>\n<li>\u00dcbungsleiterin f\u00fcr Rehabilitationssport, Schwerpunkt Neurologie<\/li>\n<li>Schulungsleiterin f\u00fcr Asthma- und COPD Patienten in der Facharztpraxis Colonnaden in Hamburg<\/li>\n<li><span style=\"font-size: 16px;\"><span style=\"font-size: 16px;\"><span style=\"font-size: 16px;\">Mitglied im Verband Freier Psychotherapeuten, Heilpraktiker f\u00fcr Psychotherapie und Psychologischer Berater e.V.<br><\/span><\/span><\/span>\n<p>Eine gute Basis f\u00fcr diese berufliche Weiterentwicklung war meine T\u00e4tigkeit als Arzthelferin in Praxen und im Krankenhaus.<\/p>\n<p><span style=\"font-size: 16px;\"><span style=\"font-size: 16px;\">&nbsp;<\/span><\/span><\/p>\n<\/li>\n<\/ul>\n\n\n<p><\/p>\n","protected":false},"excerpt":{"rendered":"<p>Staatlich gepr\u00fcfte Heilpraktikerin f\u00fcr Psychotherapie (2016) zertifizierte Entspannungsp\u00e4dagogin (2011) \u00dcbungsleiterin f\u00fcr Rehabilitationssport, Schwerpunkt Neurologie Schulungsleiterin f\u00fcr Asthma- und COPD Patienten in der Facharztpraxis Colonnaden in Hamburg Mitglied im Verband Freier Psychotherapeuten, Heilpraktiker f\u00fcr Psychotherapie und Psychologischer Berater e.V. Eine gute Basis f\u00fcr diese berufliche Weiterentwicklung war meine T\u00e4tigkeit als Arzthelferin in Praxen und im Krankenhaus. &hellip;<\/p>\n<p class=\"read-more\"> <a class=\"\" href=\"https:\/\/www.therapie-jesteburg.de\/Thewpr\/?page_id=310\"> <span class=\"screen-reader-text\">\u00dcber mich<\/span> Weiterlesen &raquo;<\/a><\/p>\n","protected":false},"author":1,"featured_media":0,"parent":0,"menu_order":0,"comment_status":"closed","ping_status":"closed","template":"","meta":{"footnotes":""},"class_list":["post-310","page","type-page","status-publish","hentry"],"_links":{"self":[{"href":"https:\/\/www.therapie-jesteburg.de\/Thewpr\/index.php?rest_route=\/wp\/v2\/pages\/310","targetHints":{"allow":["GET"]}}],"collection":[{"href":"https:\/\/www.therapie-jesteburg.de\/Thewpr\/index.php?rest_route=\/wp\/v2\/pages"}],"about":[{"href":"https:\/\/www.therapie-jesteburg.de\/Thewpr\/index.php?rest_route=\/wp\/v2\/types\/page"}],"author":[{"embeddable":true,"href":"https:\/\/www.therapie-jesteburg.de\/Thewpr\/index.php?rest_route=\/wp\/v2\/users\/1"}],"replies":[{"embeddable":true,"href":"https:\/\/www.therapie-jesteburg.de\/Thewpr\/index.php?rest_route=%2Fwp%2Fv2%2Fcomments&post=310"}],"version-history":[{"count":63,"href":"https:\/\/www.therapie-jesteburg.de\/Thewpr\/index.php?rest_route=\/wp\/v2\/pages\/310\/revisions"}],"predecessor-version":[{"id":627,"href":"https:\/\/www.therapie-jesteburg.de\/Thewpr\/index.php?rest_route=\/wp\/v2\/pages\/310\/revisions\/627"}],"wp:attachment":[{"href":"https:\/\/www.therapie-jesteburg.de\/Thewpr\/index.php?rest_route=%2Fwp%2Fv2%2Fmedia&parent=310"}],"curies":[{"name":"wp","href":"https:\/\/api.w.org\/{rel}","templated":true}]}}

Über mich

<p><a href="http://www.therapie-jesteburg.de/Thewpr/wp-content/uploads/2019/02/Verse-54.jpg"><img loading="lazy" decoding="async" class="wp-image-625  alignright" src="http://www.therapie-jesteburg.de/Thewpr/wp-content/uploads/2019/02/Verse-54-768x1024.jpg" alt="" width="207" height="276" srcset="https://www.therapie-jesteburg.de/Thewpr/wp-content/uploads/2019/02/Verse-54-768x1024.jpg 768w, https://www.therapie-jesteburg.de/Thewpr/wp-content/uploads/2019/02/Verse-54-225x300.jpg 225w" sizes="auto, (max-width: 207px) 100vw, 207px" /></a></p>
<ul>
<li>Staatlich geprüfte Heilpraktikerin für Psychotherapie (2016)</li>
<li>zertifizierte Entspannungspädagogin (2011)</li>
<li>Übungsleiterin für Rehabilitationssport, Schwerpunkt Neurologie</li>
<li>Schulungsleiterin für Asthma- und COPD Patienten in der Facharztpraxis Colonnaden in Hamburg</li>
<li><span style="font-size: 16px;"><span style="font-size: 16px;"><span style="font-size: 16px;">Mitglied im Verband Freier Psychotherapeuten, Heilpraktiker für Psychotherapie und Psychologischer Berater e.V.<br></span></span></span>
<p>Eine gute Basis für diese berufliche Weiterentwicklung war meine Tätigkeit als Arzthelferin in Praxen und im Krankenhaus.</p>
<p><span style="font-size: 16px;"><span style="font-size: 16px;">&nbsp;</span></span></p>
</li>
</ul>


<p></p>

<p>Staatlich geprüfte Heilpraktikerin für Psychotherapie (2016) zertifizierte Entspannungspädagogin (2011) Übungsleiterin für Rehabilitationssport, Schwerpunkt Neurologie Schulungsleiterin für Asthma- und COPD Patienten in der Facharztpraxis Colonnaden in Hamburg Mitglied im Verband Freier Psychotherapeuten, Heilpraktiker für Psychotherapie und Psychologischer Berater e.V. Eine gute Basis für diese berufliche Weiterentwicklung war meine Tätigkeit als Arzthelferin in Praxen und im Krankenhaus. &hellip;</p>
<p class="read-more"> <a class="" href="https://www.therapie-jesteburg.de/Thewpr/?page_id=310"> <span class="screen-reader-text">Über mich</span> Weiterlesen &raquo;</a></p>
